43770.
68
What is the remainder when 10923144 is divided by 1820483?
246
Calculate the remainder when 5670230 is divided by 786.
26
Calculate the remainder when 217738495 is divided by 19.
15
What is the remainder when 86463 is divided by 7187?
219
Calculate the remainder when 22884 is divided by 3130.
974
What is the remainder when 2387604 is divided by 1409?
758
Calculate the remainder when 1227991 is divided by 2249.
37
What is the remainder when 7274965 is divided by 51964?
5
What is the remainder when 2988558 is divided by 127?
121
Calculate the remainder when 157491728 is divided by 9.
8
Calculate the remainder when 4255805 is divided by 19612.
1
Calculate the remainder when 7121788 is divided by 57433.
96
What is the remainder when 186027 is divided by 61860?
447
Calculate the remainder when 357311 is divided by 226.
5
Calculate the remainder when 199693 is divided by 3220.
53
Calculate the remainder when 1386226489 is divided by 292.
289
Calculate the remainder when 1748254 is divided by 84.
46
Calculate the remainder when 1066292 is divided by 56.
52
Calculate the remainder when 2310124 is divided by 2838.
2830
What is the remainder when 858027 is divided by 214401?
423
Calculate the remainder when 176033 is divided by 1068.
881
What is the remainder when 80373 is divided by 3805?
468
Calculate the remainder when 2603465 is divided by 9940.
9125
Calculate the remainder when 4559293 is divided by 11398.
93
Calculate the remainder when 2349682 is divided by 2489.
66
What is the remainder when 31299914 is divided by 29?
11
What is the remainder when 780445791 is divided by 68?
67
What is the remainder when 126820 is divided by 3250?
70
Calculate the remainder when 72937 is divided by 2035.
1712
Calculate the remainder when 6947899 is divided by 57.
55
Calculate the remainder when 7004796 is divided by 40.
36
Calculate the remainder when 116671776 is divided by 46.
44
Calculate the remainder when 136961 is divided by 276.
65
What is the remainder when 8697 is divided by 8623?
74
What is the remainder when 173118 is divided by 566?
488
What is the remainder when 2520753 is divided by 164?
73
Calculate the remainder when 84631391 is divided by 305.
296
What is the remainder when 2239370 is divided by 1740?
1730
What is the remainder when 1363100 is divided by 2?
0
What is the remainder when 26436 is divided by 902?
278
Calculate the remainder when 3481420 is divided by 290118.
4
What is the remainder when 9361395 is divided by 3120432?
99
Calculate the remainder when 420365 is divided by 138732.
4169
What is the remainder when 6958412 is divided by 229?
18
What is the remainder when 40984 is divided by 602?
48
What is the remainder when 23547459 is divided by 95?
94
What is the remainder when 1167827 is divided by 1167752?
75
Calculate the remainder when 121393 is divided by 3468.
13
What is the remainder when 5682584 is divided by 28412?
184
Calculate the remainder when 53326 is divided by 2.
0
What is the remainder when 1422767 is divided by 1380?
1367
What is the remainder when 277794815 is divided by 47?
46
What is the remainder when 1602448 is divided by 4689?
3499
What is the remainder when 196833 is divided by 319?
10
Calculate the remainder when 57958589 is divided by 1438.
1437
What is the remainder when 1594541 is divided by 144955?
36
Calculate the remainder when 2666500 is divided by 4695.
4435
What is the remainder when 73528 is divided by 3?
1
What is the remainder when 45612 is divided by 1580?
1372
Calculate the remainder when 733705 is divided by 587.
542
What is the remainder when 4716250 is divided by 2232?
34
What is the remainder when 5095081 is divided by 5095048?
33
What is the remainder when 6236608 is divided by 519717?
4
What is the remainder when 24619106 is divided by 24918?
122
What is the remainder when 1388531 is divided by 2641?
2006
Calculate the remainder when 4023617 is divided by 47.
41
What is the remainder when 5784201 is divided by 57?
12
Calculate the remainder when 71191 is divided by 8885.
111
What is the remainder when 1076239 is divided by 20301?
286
What is the remainder when 210176113 is divided by 4443?
4441
What is the remainder when 46248 is divided by 443?
176
What is the remainder when 849365 is divided by 2271?
11
Calculate the remainder when 61919 is divided by 10203.
701
Calculate the remainder when 3009819 is divided by 3.
0
What is the remainder when 260897 is divided by 1407?
602
What is the remainder when 12998719 is divided by 618986?
13
Calculate the remainder when 23126113 is divided by 15.
13
What is the remainder when 677340 is divided by 251?
142
What is the remainder when 462419 is divided by 331?
12
What is the remainder when 10659566 is divided by 126899?
50
What is the remainder when 2733682 is divided by 439?
29
What is the remainder when 37933 is divided by 6322?
1
What is the remainder when 141680 is divided by 171?
92
What is the remainder when 11046033 is divided by 67?
11
Calculate the remainder when 473547 is divided by 236701.
145
Calculate the remainder when 2255078 is divided by 19274.
20
Calculate the remainder when 197660 is divided by 7601.
34
What is the remainder when 361617979 is divided by 104?
99
Calculate the remainder when 5005063 is divided by 29.
11
Calculate the remainder when 19235557 is divided by 6411795.
172
What is the remainder when 50867907 is divided by 39?
12
What is the remainder when 2005663 is divided by 334?
327
What is the remainder when 731078 is divided by 91285?
798
What is the remainder when 815018 is divided by 86?
82
What is the remainder when 1030148 is divided by 514757?
634
Calculate the remainder when 45247 is divided by 6.
1
What is the remainder when 5980522 is divided by 1085?
2
Calculate the remainder when 3295478 is divided by 61027.
20
Calculate the remainder when 274458083 is divided by 11.
9
Calculate the remainder when 146510068 is divided by 29.
9
What is the remainder when 7435566 is divided by 943?
11
What is the remainder when 529 is divided by 506?
23
What is the remainder when 21849915 is divided by 320?
315
Calculate the remainder when 79106 is divided by 19672.
418
Calculate the remainder when 14186399 is divided by 2056.
2055
Calculate the remainder when 201121696 is divided by 83.
80
What is the remainder when 1277894 is divided by 15584?
6
What is the remainder when 274305 is divided by 1879?
1850
Calculate the remainder when 4398314 is divided by 273.
11
Calculate the remainder when 311561 is divided by 77732.
633
What is the remainder when 1167294 is divided by 54?
30
Calculate the remainder when 162352926 is divided by 4321.
4314
What is the remainder when 678579 is divided by 225989?
612
Calculate the remainder when 373300 is divided by 28625.
1175
What is the remainder when 958108 is divided by 784?
60
What is the remainder when 52522705 is divided by 10504540?
5
Calculate the remainder when 1405059 is divided by 259.
243
Calculate the remainder when 97422 is divided by 8812.
490
What is the remainder when 1153327 is divided by 251?
233
What is the remainder when 26750836 is divided by 11273?
7
Calculate the remainder when 4696143 is divided by 3920.
3903
Calculate the remainder when 62405073 is divided by 25.
23
What is the remainder when 27581787 is divided by 99934?
3
Calculate the remainder when 1018836666 is divided by 298.
294
What is the remainder when 46875 is divided by 1106?
423
What is the remainder when 706756 is divided by 297?
193
What is the remainder when 2748080 is divided by 34351?
0
Calculate the remainder when 13400 is divided by 190.
100
What is the remainder when 717876 is divided by 8078?
7012
Calculate the remainder when 229750874 is divided by 2305.
2304
Calculate the remainder when 57249645 is divided by 1178.
23
Calculate the remainder when 4066779 is divided by 1398.
1395
Calculate the remainder when 717654 is divided by 249.
36
What is the remainder when 1389684 is divided by 67?
37
Calculate the remainder when 871757 is divided by 8224.
13
What is the remainder when 4753932 is divided by 679103?
211
What is the remainder when 6153821 is divided by 261?
224
What is the remainder when 103588 is divided by 7331?
954
What is the remainder when 2354632 is divided by 22?
16
